- 5*g + 2. Let h be o(5). Suppose 0 = -h*a + 3*a - 12. What is the units digit of a?
2
Suppose -2*i = 0, -5*y + 3 + 7 = i. Suppose -r + 54 = y*r. What is the units digit of r?
8
Let x = -7 - -10. Suppose 5*u = 4*b - 3*b + 242, 5*b = -x*u + 162. What is the units digit of u?
9
Let i(w) = w**2 + 4. Let b be i(0). Suppose -b*s - 7 = -167. Suppose -r + s = 3*r. What is the units digit of r?
0
Suppose -p = -5*c - 4 + 61, -24 = -3*c + 4*p. Let v = -7 + c. Suppose 4*d - 59 = -v*x, 2*d + 5*x = 5*d - 18. What is the tens digit of d?
1
Let h be ((-2)/1 + 3)*-15. Let s = -1 - h. What is the units digit of s?
4
Let i be 1 + (4 + -2 - -2). Let l(w) = w - 1. Let d be l(i). What is the units digit of (12/(-18))/(d/(-18))?
3
Let j(c) = -652*c + 2. Let d be j(-1). What is the units digit of d/14 + (-16)/(-56)?
7
What is the units digit of (-942)/(-10) + 2 + 16/20?
7
Let x = 16 + -22. Let p = -5 - x. Let j = p + 4. What is the units digit of j?
5
Suppose 2 = -2*o + 3*i, -4*o - 2*i + 5 = -23. Suppose d + 60 = o*d. What is the tens digit of d?
1
Let y = 25 + -52. Let o = 55 + y. What is the tens digit of o?
2
Let h(u) = 5*u**3 + 5 - 4 + 0 - 2 + u**2. What is the tens digit of h(2)?
4
Let p = 2 + -6. Let i be p/2*(0 + -17). Suppose 5*c = -4 + i. What is the units digit of c?
6
Let o(u) = u**3 - 5*u**2 - 2*u - 4. Let s be o(6). Suppose 6*w - w = s. Suppose 0*y - 12 = y + 3*d, -32 = -4*y + w*d. What is the units digit of y?
3
Let z = -2 + 1. Suppose -4*b + 12 = -b. Let k = b + z. What is the units digit of k?
3
What is the tens digit of ((-13)/(-3))/((-7)/(-42))?
2
Suppose -4*y - 16 - 16 = 0. Let d(w) = w**2 + 9*w + 7. Let n(z) = 5*z**2 + 45*z + 36. Let h(t) = -11*d(t) + 2*n(t). What is the units digit of h(y)?
3
Let k = -1 - -5. Suppose 0 = 2*x + 4*y - 68, -20 - 101 = -k*x - 3*y. What is the tens digit of x?
2
Let x(v) = -v**3 + 6*v**2 + 3. Let h be x(6). Suppose -h*f + f = -18. What is the units digit of f?
9
Let n(y) = -y**3 - 11*y**2 - 12*y - 1. Let z be ((-10)/3)/(1/3). What is the tens digit of n(z)?
1
Let i be (-1)/2*(1 + -13). Let l(n) = -n**3 - 4*n**2 + 8 - 5*n + 10*n**2 + n**2. What is the tens digit of l(i)?
1
Let p(m) = m**2 - m - 1. Let i be 2 - (1*-2 + 2). Let h be p(i). What is the units digit of (h + 1)*18/4?
9
Let d(h) = 19*h - 12. Let z be d(6). Suppose -4 = 3*j + 14. What is the units digit of (z/18)/((-2)/j)?
7
What is the tens digit of 195/26*4*3?
9
Let s(i) = i**3 + 4*i**2 + 2. Let t be s(-4). What is the units digit of 1 + 0 + 5 + t?
8
Suppose -5*w - 4*b + 4 = 0, -4*b - 2 + 6 = -3*w. Suppose w = -5*y + 2*y + 4*g + 113, -76 = -2*y + 3*g. What is the tens digit of y?
3
Let i(v) = 8*v**2 - v - 1. Let q be 0/((0 - -1)*1). Let d(c) = c - 1. Let k be d(q). What is the units digit of i(k)?
8
Let d(a) be the third derivative of a**5/60 + a**4/24 - 2*a**3/3 - a**2. Let l be d(-3). What is the units digit of -2 + l + (13 - 2)?
1
Let w(d) = 3*d - 4*d - 1 - d. Let m be w(-2). Suppose 2*c = -m*c + 65. What is the units digit of c?
3
Let f = 27 - -50. Suppose -k = -s + 23, -3*s = -5*k + 6 - f. What is the units digit of s?
2
Let c(u) = u - 5. Let v be c(11). Let t = 2 + v. What is the units digit of t?
8
Suppose 4*y + 5*v + 15 = 0, 2*y + 2*v + 13 = -y. Let d(z) = z**2 + 2*z - 3. Let n be d(y). Suppose -4 = s - n. What is the units digit of s?
8
Suppose 15 = -2*t + 5*t. Suppose 15 = t*s - 2*s - 3*f, -s + 3 = f. Suppose 12 = -4*u, -s*u = -w - u + 17. What is the units digit of w?
8
Let y(s) = -s + 3. Let n be y(-5). Let m = 33 - n. What is the units digit of m?
5
Let y = 36 - 25. Suppose -5*w - 36 = -86. Let n = y - w. What is the units digit of n?
1
Suppose 4*n = -5*s + 46, -n - 3*s = -7 - 8. Let f = n + 15. What is the tens digit of f?
2
Suppose -4*x = -x - 12. Suppose -x*n = 3*z - 37, n + n - 4*z = 46. What is the tens digit of n?
1
Let o = -6 - -7. Let r = o - -2. Suppose 0 = 2*z + 3*z + 3*w - 38, r*w = -3*z + 24. What is the units digit of z?
7
Let c(r) = r**2 + 13*r - 2. Let l be c(-13). What is the tens digit of l*33/6*-1?
1
Let s be (-1 + -2)*2/3. What is the tens digit of (-1)/((-1)/8) - s?
1
Let g(h) = -h**3 - 12*h**2 - 12*h - 15. What is the tens digit of g(-12)?
2
Suppose -3*z + 202 - 34 = 3*p, 10 = 5*z. What is the units digit of p?
4
Let j be 5/(15/9)*1. What is the units digit of 2 + (3 - j - 0)?
2
Let k(w) = w**2 + 12*w + 6. Let a be k(-11). Let d(i) = -i**3 - 4*i**2 - 6. What is the units digit of d(a)?
9
What is the tens digit of ((-9)/15)/((-5)/150)?
1
Let c(w) = -w + 26. Let a be (12/(-16))/((-1)/16). What is the units digit of c(a)?
4
Let y(f) = f**2 + 4*f - 2. Let b be 4/(-2) - 0 - 3. Let z be y(b). Suppose 4*r + z = 7. What is the units digit of r?
1
Let l = 23 + 237. What is the tens digit of l?
6
Suppose 227 + 17 = 4*u. What is the units digit of u?
1
Let r = -103 + 273. What is the tens digit of r?
7
Let r be (-1)/(-1 - 34/(-36)). What is the tens digit of ((-5)/(-2))/(3/r)?
1
Let r = -19 - -47. What is the units digit of r?
8
Let u be 8/6*(1 + -4). Let r = -11 - -19. Let t = r + u. What is the units digit of t?
4
Let c(k) = 5*k + 13. What is the units digit of c(15)?
8
Let w(n) be the second derivative of 7*n**6/120 - n**4/12 + n**3/6 - n**2/2 + 2*n. Let v(h) be the first derivative of w(h). What is the units digit of v(1)?
6
Let b(o) = 20*o + 5*o**3 + 10*o**2 - 5*o - 4 - 3*o**3 - 3*o**3. What is the tens digit of b(11)?
4
Let y = 15 - 10. Let b(u) be the third derivative of u**4/12 - 7*u**3/6 - 22*u**2. What is the units digit of b(y)?
3
Suppose -4*l = -4*k - 0*k, -3*k = -2*l + 4. Let r(h) = 4*h**2 + h**3 - 2 - 2*h**2 + h**2 - 5*h. What is the units digit of r(k)?
2
Let u(i) = i**2 + 14*i + 15. Let m be u(-13). Suppose -m*p - 17 = -c, 3*p - 5*p - 10 = 0. What is the units digit of c?
7
Let g = 90 + 37. What is the hundreds digit of g?
1
Suppose 0 = 5*t - 41 - 99. What is the units digit of t?
8
What is the units digit of 3 + (0 - 4) - -29?
8
Let q(u) = -9*u - 13. What is the tens digit of q(-4)?
2
What is the tens digit of 3874/65 - 4/(-10)?
6
What is the units digit of 341 + 1/4*0?
1
Let u(l) = l - 4. What is the units digit of u(7)?
3
Suppose -10*w - 181 + 2121 = 0. What is the hundreds digit of w?
1
Let a(w) = w**3 - 16*w**2 - 3*w + 21. Let o be a(16). Let h = 79 + o. What is the tens digit of h?
5
Let m = -136 + 137. What is the units digit of m?
1
Suppose 10 = -3*g - 5. Let w = 0 + g. What is the units digit of ((-16)/10)/(1/w)?
8
Let t = -8 - -8. Suppose t*p + 6 = 3*p. Let b = 7 + p. What is the units digit of b?
9
Let w(t) = -t - 4. Suppose -20 = 4*u - 3*o, -2*u + 0*o - 4 = -3*o. Let f be w(u). Suppose 3*z - 2*y = 10, z - 4*y = -f*z + 18. What is the units digit of z?
2
Suppose 4*a = -4*y - 12 + 48, -a = 3*y - 17. Suppose 9*g = y*g + 245. What is the tens digit of g?
4
Suppose 4*p = 2*p + 3*l + 6, 8 = -4*l. Suppose p*b - 2*b = -6. Suppose -o - b = -9. What is the units digit of o?
6
Let a(y) = -y**2 + 7*y - 2. Let r be a(6). Suppose -r*b + 165 = b. What is the units digit of b?
3
Suppose 3*g + 21 = -3. Let a(i) = -4*i**2 + i - 6. Let t(f) = -5*f**2 - 6. Let b(j) = 6*a(j) - 5*t(j). What is the units digit of b(g)?
0
Suppose x + 168 = 5*x. Suppose -v - n + x = -0*v, 0 = -3*v - 5*n + 126. What is the tens digit of v?
4
Let p = 9 + -5. Suppose -p*x + x = -6. What is the units digit of x?
2
Let z(k) = -2*k - 2. Let i be z(-3). Let j = i + -2. Suppose 0*a + 20 = 5*u + 5*a, 4*u - j*a - 10 = 0. What is the units digit of u?
3
Suppose 0 = -3*r - 2*r - 15. Let i(d) = -d - 1. Let h(c) = 8*c + 3. Let q(v) = -h(v) - 6*i(v). What is the units digit of q(r)?
9
Let n = -34 - -70. Suppose 0 = 2*m + 5*x - 67, 3*x - n = -m - 2*x. What is the units digit of m?
1
Let w be 4/(-14) + 259/49. Suppose -3*y - 37 = i - 101, w*y - 2*i = 92. What is the tens digit of y?
2
Let d(h) = -8*h - 3. What is the units digit of d(-4)?
9
Let z(u) = -u**3 + 3*u**2 + 4*u - 1. Let w be z(3). Suppose -4*x + 2*c + 2 + 6 = 0, 3*c = 5*x - w. What is the units digit of x?
1
Let o(t) = 20*t + 16. What is the tens digit of o(4)?
9
Suppose n = 3*x - 72, 3*x - 72 = -3*n + n. What is the units digit of x?
4
Let n = 6 - 2. Suppose -5*f + 20 = -0*f, -28 = -3*y - n*f. Suppose 0 = 2*d - d - y. What is the units digit of d?
4
Let n = -1 - 4. Let p be n/(-25) + 58/10. Suppose 